8. What is the units digit of t?
6
Suppose -4*d = 5*p - 67, 3*p - 55 = 6*d - d. Suppose 21 = a - p. What is the units digit of a?
6
Let i(a) = -a**3 + 7*a**2 + a - 1. Let d be i(7). Suppose 3*q - d = 0, 0 = 5*z - 4*q + 5*q - 22. What is the units digit of z?
4
Let s(z) = 7*z**2 + z + 1. Let u be s(2). Let x = u + -18. What is the tens digit of x?
1
Let d(g) = -g - 33. Let f be d(0). Let k = -19 - f. What is the tens digit of k?
1
Let g(c) = -c**2 + 2*c. Let n be g(2). Suppose -t - 2*t + 24 = n. What is the units digit of t?
8
Let p(o) = -o + 2. Let m be p(2). Let v = -41 - -71. Suppose -3*c + v = -m*c. What is the tens digit of c?
1
Let d be (6/7)/(9/819). Suppose -3*o + 0*o = -d. What is the units digit of o?
6
Suppose 0*z + 4*z - 4 = 0. Let v be (-3 - z) + (-12)/(-4). What is the units digit of v + 6/(-2) + 20?
6
Suppose 30 = 5*o - 10. Let n be ((-6)/(-2))/(3/o). What is the units digit of (4 - 2)/(2/n)?
8
Suppose -2*a + 1 = -5. What is the units digit of a?
3
Suppose -17*a + 11*a = -12. Let n(b) be the third derivative of b**6/60 + b**5/60 - b**4/12 + b**3/3 - 2*b**2. What is the tens digit of n(a)?
1
Suppose -6*l = -502 + 124. What is the units digit of l?
3
Suppose 0 = -5*c + 64 + 136. What is the units digit of (c/(-2))/((-24)/36)?
0
Let x(q) = -11*q**2 - 11*q + 59. Let t(g) = 7*g**2 + 7*g - 39. Let p(l) = -8*t(l) - 5*x(l). Let b be p(0). Let r = -11 + b. What is the units digit of r?
6
Suppose 3*s + 3*t + 9 = 6*s, -s = 4*t + 2. Suppose 26 = -0*z + s*z. Suppose -o = -4*u + z, 4 - 23 = -o - 4*u. What is the units digit of o?
3
Suppose 5*n = 3*n + 4. Suppose -3 = n*m - 9. What is the units digit of m?
3
Suppose 0*h = -h + 2. Suppose r - t + 11 = 2*r, 3*t + 7 = h*r. What is the units digit of r?
8
Suppose -2*r + 7*r = -2*i - 44, 5*i + 81 = 2*r. Let w = 17 - i. Suppose 4*u - w = 26. What is the units digit of u?
5
Suppose 23 = 5*v - 37. Suppose v = 4*x + 2*z + 2*z, 2*x = 4*z - 12. Suppose q - 7 - 1 = x. What is the units digit of q?
8
Let y(a) be the first derivative of a**4/4 + a**3 - a**2 + 2. What is the units digit of y(-3)?
6
Let f = 0 - -6. Let l(c) = c + 1. What is the units digit of l(f)?
7
Suppose 70*d + 780 = 76*d. What is the hundreds digit of d?
1
Suppose 0 = -3*o - f + 14 + 100, 4*f = 0. Suppose -4*m + o + 10 = 0. Suppose g + 2*g = -4*p + m, -4*p + 4*g + 12 = 0. What is the units digit of p?
3
Suppose -5*y + 111 = 4*v, 3*y + 0*y = 5*v + 37. Let s = y - 9. What is the units digit of s?
0
Suppose 0 = 8*l + 109 - 789. What is the units digit of l?
5
Let p(b) = -14*b**3 + 3*b**2 - 14*b. Let z(t) = -5*t**3 + t**2 - 5*t. Let o(i) = -6*p(i) + 17*z(i). What is the units digit of o(-1)?
1
Let a(n) be the second derivative of n**4/12 + 7*n**3/6 - 3*n**2/2 - 7*n. What is the units digit of a(-8)?
5
Suppose -4*u = -u - 333. What is the tens digit of u?
1
Let y(s) = -s**2 - 12*s - 15. Let j = 15 + -25. What is the units digit of y(j)?
5
Suppose -w - 32 = -2*w. What is the units digit of w?
2
Let h = 27 + -25. What is the units digit of ((-60)/100)/(h/(-20))?
6
Suppose 4*u + 9 = -15. Let s be ((-2)/(-4))/((-5)/(-120)). What is the tens digit of 123/s + u/(-8)?
1
Suppose 0 = g + 1 - 4. Suppose g*q = 27 + 27. What is the units digit of q?
8
Let v = 2 - 0. Suppose -v*g = -7*g + 10. What is the units digit of g?
2
Let x = -36 - -94. What is the tens digit of x?
5
Let n = 24 + -8. Suppose n = 2*w - 8. What is the units digit of w?
2
Let v(p) = 4*p**2 + 2*p - 1. Suppose -2*w = -4*w + 4. Let n be v(w). Suppose 0 = 2*o + 7 - n. What is the units digit of o?
6
Suppose 0*m + 3*m - 249 = 0. What is the tens digit of (-4)/(-10) - m/(-5)?
1
Let l be (-2)/2*1*21. Let q be (-6)/(-21) + 6/l. Suppose 8 = 3*r - 5*a, 4*a - 20 + q = 0. What is the units digit of r?
1
Let r = 4 - -1. Suppose 62 = 3*k + 2*n, r*k - 98 = 3*n - 5*n. What is the tens digit of k?
1
Suppose d = -4*s + 192, -3*s = -s - 2*d - 86. Suppose -s = -5*q + 8. What is the tens digit of q?
1
Let i be (0 + -24)/3*1. Let b = i - -15. What is the units digit of b?
7
Let w(k) = -k**2 + 3*k + 2. Let h be w(3). Suppose o - h*d - 10 = 5*o, 4*o + 4*d + 12 = 0. What is the tens digit of o - -1 - 22/(-2)?
1
Let q(p) = -7*p**2 + 2*p - 1. Let a be q(2). Let x = 43 + a. What is the tens digit of x?
1
Let k = -86 + 156. What is the units digit of k?
0
Let x(g) = g**3 + 7*g**2 - 12*g - 1. What is the tens digit of x(-8)?
3
Let x(u) = u**2 - 2 + 10*u**3 + 14*u**3 - 11*u**3 + u. What is the tens digit of x(1)?
1
Suppose 2*l = 62 + 2. What is the units digit of l?
2
Suppose -j = 2, -4*o - 4*j = -5*j - 118. What is the tens digit of o?
2
Suppose 3*k - 123 = -2*j - 2*j, 2*j - 81 = 5*k. What is the units digit of j?
3
Let b(g) = 4*g. Let m be b(1). Let a = -5 + m. Let i = a - -6. What is the units digit of i?
5
Let i(y) = -y**2 - y. Let k be i(-1). Suppose -4*u = -k*u - 128. What is the tens digit of u?
3
Let p(o) = -2 + o**2 - o + 1 - 9*o**3 - 5*o**3. Let n be p(-1). Suppose -n = 3*q, -2*i + 0*q = -q - 7. What is the units digit of i?
1
Let l be (-5)/2*(-6)/5. Suppose 2*j + f - 4 = -2*f, l*j = -5*f + 5. Suppose -j*g = 5*r - 33 - 32, r = g + 11. What is the units digit of r?
2
Let k(b) = b**2 - 8*b - 9. Let c be k(8). What is the units digit of (-61)/c + (-4)/(-18)?
7
Let v = -25 + 113. What is the units digit of v?
8
Suppose 5*b - u - 752 = -6, 0 = -3*b + 3*u + 438. What is the units digit of b?
0
Let v = 31 + 29. Let k = -34 + v. What is the units digit of k?
6
Suppose -40 = -g + 3*v, v - 21 - 74 = -4*g. What is the units digit of g?
5
Let o(r) = 4*r + 88. What is the tens digit of o(7)?
1
Suppose m - 4*m + 174 = 0. Suppose -3*j = 6*q - 2*q - 70, -4*q = -3*j - m. What is the units digit of q?
6
Let n(v) = -v**3 + v**2 + 8. Let z(y) = -y**3 + 5*y**2 + y - 5. Let t be z(5). What is the units digit of n(t)?
8
What is the units digit of 16/(-6)*(7 - 10)?
8
Let a = 17 - -24. What is the units digit of a?
1
Let h(r) = 2*r - 11. Let x be h(11). Let b = x - 10. What is the units digit of b?
1
Suppose -45 = -3*l + 45. What is the units digit of l?
0
Let b(k) = 4*k - 5. Suppose 5*m - 21 = -3*w, 3*w - 3*m - 21 = -2*m. What is the tens digit of b(w)?
2
Let j(m) = -m - 1. Let v be j(-2). Let f(g) = 2*g**2 + 2*g - 1. What is the units digit of f(v)?
3
Suppose 2*f = 6*f. Let l(k) = -k**3 + k**2 + k + 20. Let z be l(f). Suppose 4*n + z = 2*t, 2*t + 2*n + 2*n - 20 = 0. What is the tens digit of t?
1
Suppose 134 + 21 = 5*h. What is the units digit of h?
1
Let i(o) = 9*o**2 + 2*o - 2. What is the tens digit of i(-2)?
3
Suppose 2*c = -j + 31 + 16, 148 = 4*j - 2*c. What is the tens digit of j?
3
Let h(f) = f**3 - 7*f**2 - 8*f + 2. Let u be h(8). Suppose -u*j = 2*j - 80. Let i = 30 - j. What is the tens digit of i?
1
Let h(r) = -6*r + 2. Let f be h(-3). Suppose -a - 1 = 3*l - 6, 2*l + f = -4*a. What is the units digit of (2 + a)/(-1 - 0)?
5
Let l = 24 + -36. Let p be 84/(-6) - 4*-1. Let c = p - l. What is the units digit of c?
2
Let c = -21 - -5. Suppose 3*k + 28 = -2. Let o = k - c. What is the units digit of o?
6
What is the hundreds digit of 2/(-16) + 9045/40?
2
Suppose 0 = -2*k - 10, 2*l - 2*k + k - 37 = 0. What is the units digit of (l/20)/(4/70)?
4
Let q(a) = 33*a - 22. What is the hundreds digit of q(6)?
1
Let b be 2/(-3)*(3 + 3). What is the units digit of -2*(2/b + 0)?
1
Suppose -2*u = -5*z - 0*u + 14, -z = 3*u - 13. Let t = -13 + z. Let x(b) = b**3 + 10*b**2 + 7*b - 12. What is the units digit of x(t)?
6
Let a(r) = -13*r**3 + 3*r + 0*r + 22*r**3 - 14 - 9*r**2 - 10*r**3. What is the units digit of a(-10)?
6
What is the units digit of 1/(-2 + 106/52)?
6
Suppose -3*v = -21 + 6. Suppose 0 = -y - 3 + v. Suppose -20 = -y*s + 2. What is the units digit of s?
1
Suppose t + 60 = 5*t. What is the tens digit of (t/9)/(2/12)?
1
What is the units digit of (-8)/(-20) - (-16)/10?
2
Suppose 4*p - 16 = -u, -8 - 6 = -2*p + u. Let f = p - 4. Let q = f + 3. What is the units digit of q?
4
What is the tens digit of 93/3 - (-4 - -1)?
3
Let i(j) = -7 + j + 1 - 2*j. Let b be i(-10). Suppose -b*p + 22 + 2 = 0. What is the units digit of p?
6
Suppose -2*b + 10 = 0, 0*f + 5*f = -b + 140. What is the tens digit of f?
2
Suppose 5*c = u - 12 - 9, 15 = -5*c. Let f(q) = -q**2 + 7*q + 4. What is the units digit of f(u)?
0
Let w = -8 - -13. Suppose -w*j + 